hat is the hundreds digit of q?
6
Let z(l) = 20*l**2 - 44*l + 13. Let k(c) = 20*c**2 - 46*c + 12. Let n(r) = 5*k(r) - 4*z(r). What is the tens digit of n(6)?
0
Let k = -54 + 57. Suppose k + 37 = 8*n. What is the units digit of 1 + 0/(n + -2) + 122?
3
Let j(b) = -b**3 + 10*b**2 + 15*b - 23. Let n(w) = -w**3 - 4*w**2 + 8*w + 1. Let l be n(-6). Let m = -14 + l. What is the units digit of j(m)?
1
Suppose 3*z - 15 = -0*z, 5*z = -4*q + 221. Let l = 22 - q. What is the tens digit of l/(2/(8/(-3)))?
3
Suppose 0 = h - 8 + 4. Suppose h*d - 23 = v, 3*d - 2*v - 18 = -v. Suppose 3*o = o - j + 267, 673 = d*o - 3*j. What is the hundreds digit of o?
1
Let m(i) = -162*i + 392. What is the hundreds digit of m(-56)?
4
Let w(i) = -i**3 + 123*i**2 + 134*i - 878. What is the ten thousands digit of w(123)?
1
Let d(f) = 120*f**3 + 5*f**2 + 11*f - 12. What is the tens digit of d(5)?
6
Suppose 3*k - 2*d - 12 = -k, -3*k + d = -9. Suppose 3*l - 12 = 3*n, 3*n + 5*l - k = 9. What is the tens digit of n/(-2*(-2)/(-500))?
2
Let z(a) = 3*a**2 - 15*a + 7. Let k be 7/56 + 376/64. What is the tens digit of z(k)?
2
Let p be (-6 - -2)/(0 - (-2)/18). Let v be 21/1 - (-2 - -4). Let k = v - p. What is the tens digit of k?
5
What is the hundreds digit of ((-4)/(-3))/(94/35955)?
5
Suppose -2*q - 2*j - j = 165, -254 = 3*q - 2*j. What is the hundreds digit of 36/q - (4728/(-7) - 1)?
6
Suppose -510 = -4*w - 74. Let m = w + -99. Let u = 50 - m. What is the tens digit of u?
4
Let l(i) = i**3 - 12*i**2 + 13*i - 20. Let s be l(11). Suppose -5*k = -4*c + 1363, -s - 1 = k. What is the units digit of c?
7
Let k be 171/(-45) - (1 - (-8)/(-10)). Let w be ((-3)/k - 6/8)/(-2). Suppose w = a + 4*u - 46, -u = -a - 6*u + 43. What is the units digit of a?
8
Suppose r - 15 - 19 = 0. Suppose 77 = 2*c - t, -4*c + 2*c = 5*t - 107. Let x = c + r. What is the tens digit of x?
7
Let f = -91 + 94. Suppose -4*u + 5*a + 95 = 0, -5*a + 2*a = f*u - 51. What is the tens digit of u?
2
What is the hundreds digit of -2 + 15 + 34/(238/87213)?
4
Let d be -4 + 4 + 330/3. Suppose k - 325 = -4*f, -4*k - 66 = -2*f + d. Let g = 40 + f. What is the tens digit of g?
2
Suppose 0 = -3*j + 4*j + 4, h - 54457 = 2*j. What is the ten thousands digit of h?
5
What is the thousands digit of 6415900/850 - -4*(-2 + (-67)/(-34))?
7
Let y(o) = 8*o - 15. Let i be y(8). Let f = 47 - i. Let n(r) = -13*r**3 - 3*r**2 - 4*r. What is the hundreds digit of n(f)?
1
Let t = 91 + -109. Let j(g) = 15*g + 32. Let f(y) = -y + 1. Let c(o) = -3*f(o) - j(o). What is the hundreds digit of c(t)?
1
Let v(t) be the first derivative of -t**2 - 25*t - 17. Let m be v(-18). Suppose 2*i - 23 - m = 0. What is the units digit of i?
7
Let q = 356 - 53. Suppose 3*m = 3*z - 0*m - q, -106 = -z + 2*m. Let r = z + -49. What is the units digit of r?
7
Suppose -29 = 2*n - 25. Let h be 2410/90 + (4/9)/2. What is the tens digit of (239 + n)*-3*(-6)/h?
5
Let x(o) = 9*o + 189. Let z be x(-24). What is the tens digit of 1/1 - (z - 663)?
9
Suppose 0 = -v - 2, -4*v = -4*g + 718 - 22. What is the units digit of (0 - -4 - 6)/((-2)/g)?
2
Suppose -y = 2*j + j - 3, 5*j - 5 = -4*y. What is the units digit of j + 5 + -7 - -176?
5
Let h be -1 - (285 - (-5 + 4)). Let y = -70 - h. Let x = y - 27. What is the units digit of x?
0
Let q be -1 - 2 - (13 + -95). Suppose 177 = -4*r + 4*a - 499, -2*r + 5*a - 344 = 0. Let o = q - r. What is the tens digit of o?
4
Suppose 4*n - 3*j - 52 = 3, 0 = n + 5*j + 15. Suppose 28 = n*w - 3*w. Suppose w*a + 0*a - 328 = 0. What is the tens digit of a?
8
Let w = 170 - 176. What is the units digit of 982*7/(-84)*w?
1
Let t = -6932 - -9646. What is the hundreds digit of t?
7
Let d be 2/(-7) - 299/(-91). Suppose -24 = d*u - 27. What is the hundreds digit of -303*5/(-15) - 0/u?
1
Suppose w - 51 = 3*p, 6*w - 2*w - 272 = -5*p. Suppose -64*h - 18 = -w*h. What is the tens digit of 6/8*(-64)/12*h?
7
Suppose 4*q - 2*t - 351706 = 3*t, 351686 = 4*q + 5*t. What is the thousands digit of q?
7
Let j = -632 - -874. Suppose 243*p = j*p + 356. What is the hundreds digit of p?
3
Let w(x) = x**3 + 7*x**2 + 6*x - 3. Let s be w(-6). Let c(m) = -5 + 15*m + 9*m - 40*m. What is the tens digit of c(s)?
4
Let u be ((-795)/20)/((-4)/(-112)). Let o = u + 1571. What is the tens digit of o?
5
Suppose -j = 4*u - 87539, -3 = -84*j + 83*j. What is the tens digit of u?
8
Let r = -87 - 299. What is the units digit of (r/(-5))/((-6)/(-60))?
2
Suppose 4*r - 21 = -3*g, 2*g - 7*r = -3*r + 34. Suppose -5*t + 3*c = 57, -61 + g = 4*t + 2*c. What is the units digit of t/(-8)*(-330)/(-9)?
5
Suppose a - 26 - 5 = y, 0 = -5*a + 2*y + 161. Suppose 2*s = 4*o - 1140, -a*s - 290 = -o - 30*s. What is the units digit of o?
4
Let a be -1 + (-27)/(-24) + 51/(-24). Let s(h) = -29*h + 5. Let l be s(a). Let g = 0 + l. What is the tens digit of g?
6
Let u = 17973 - 12068. What is the units digit of u?
5
Let a(g) = g**3 - 22*g**2 + 39*g + 23. Let x be a(20). Suppose 0 = x*v - s - 62, 3*s + 26 = v + 16. What is the tens digit of v?
2
Let o = 147 - 167. Let t(p) = -p**3 - 21*p**2 - 35*p - 55. What is the tens digit of t(o)?
4
Let d be (81 - 80) + (1222/(-2) - -1). What is the units digit of (5 - 4)*1 - d?
0
Let x(d) = d**3 - 7*d**2 - 17*d - 4. Suppose -9*z + 11*z = 18. Let v be x(z). Suppose -2*p - 174 = -v*p. What is the units digit of p?
8
Suppose -c + 145 = -6*c. Let f = c - -40. Suppose 16*s - 155 = f*s. What is the units digit of s?
1
Suppose 8*c - 2 = 6*c. Let l be ((-392)/20)/(c/(-30)*-3). Let f = l + 445. What is the units digit of f?
9
Let u(g) = 13*g + g**3 - 18*g - 10*g**2 + g**2 - 1. Let m be u(5). Let j = -120 - m. What is the units digit of j?
6
Let y be (2 - -1)/(-1) + 5. Suppose 3*p = 3*m - 2*m - 5, 4*p - y = -3*m. Suppose -5*a = -m*a - 162. What is the units digit of a?
4
Let l = 7486 + -1524. What is the hundreds digit of l?
9
Suppose -o + 3*z = -14, -3*z - 10 = -5*o - 8*z. Suppose -4*f + 3*f = -o*d + 4326, 5 = -5*f. What is the tens digit of d?
6
Let v(c) = -333*c**2 - 26 + 11*c - 336*c**2 - 65 + 11*c + 672*c**2. What is the units digit of v(14)?
5
Suppose -27*x + 25*x - 8910 = -5*y, 0 = -3*x - 15. Suppose 4*v = 44*f - 45*f + y, 0 = v - 5. What is the thousands digit of f?
1
What is the tens digit of (5757/76 + 9)*(-1 + 125)?
0
Let f = -288 - -291. Suppose 4*r = 324 - 0. Suppose 15 = -f*t - 2*t, d + t = r. What is the tens digit of d?
8
Suppose -1 - 5 = -2*c. Suppose i - 5 = -c. Suppose 5*x - 179 = -4*z, 4*z = -4*x + i*x + 182. What is the tens digit of z?
4
Let j(v) = -v**3 - 2*v**2 - v. Let n = 53 - 55. Let t be j(n). What is the tens digit of (-460)/(-16) - t/(-8)?
2
Let a(h) = -779*h - 7086. What is the hundreds digit of a(-51)?
6
Let n = 13796 + -8144. What is the hundreds digit of n?
6
Suppose 3*s = 2*y - 12, y + 2 = -5*s + 34. Suppose 2*q - 5*h - 991 = 0, y*q + 5*h = 16*q - 1987. What is the units digit of q?
8
Let n(w) = -41*w + 81*w**2 - 2 + 18*w**2 + 37*w. What is the tens digit of n(-1)?
0
What is the hundreds digit of 25404*2*(315/(-54) - -6)?
4
Let b(m) = 15*m + 7. Let h be b(-7). Suppose 174 - 24 = -5*g. Let c = g - h. What is the units digit of c?
8
Let v(t) = -t**2 + t + 6. Let q(s) = s + 18. Let g be q(-18). Let c be v(g). What is the tens digit of (1/(-1))/(c/(-432))?
7
Suppose -89*k - 55*k = -3093552. What is the units digit of k?
3
Let f = -223 + 605. Suppose -3*x - 9 = 4*n - 1, n = 2*x - 13. Suppose -f = -2*m - j, -3*j + 51 = x*m - 715. What is the tens digit of m?
9
Let g(j) = 3*j**3 + 3*j**2 - 83*j + 11. Let b be g(-10). Let s = -1015 - b. What is the hundreds digit of s?
8
Suppose -234 = -5*a + 66. Let m = a - 55. Suppose -t = -3*q + 156, 0 = q - t + m*t - 39. What is the tens digit of q?
5
Suppose -2*b - 3*b = 15, 4*j = -4*b. What is the units digit of (-9)/(-1)*((-40)/(-6) - j)?
3
Suppose -1591*x + 1582*x + 530478 = 0. What is the units digit of x?
2
Suppose -5*m = -4*v + 41945, 3*v - 4*m - 33033 = -1574. What is the units digit of 6/39 - (v/(-39) + -3)?
2
Suppose 0 = 5*u + 7*w - 3*w + 10, 0 = 5*w + 25. Suppose h - 5*z - 131 - 20 = 0, u*z + 604 = 4*h. Let p = h - 110. What is the units digit of p?
1
Let g = 47890 + -24143. What is the ten thousands digit of g?
2
Let k(h) = -h**2 - 14*h + 14. Let f be k(-15). Let s be (1/(-1))/(f + 2/4). Suppose -3*j + 3*a = -291, 2*j - s*a = j